{"id":516,"date":"2016-04-10T11:42:11","date_gmt":"2016-04-10T09:42:11","guid":{"rendered":"http:\/\/notstand-der-republik.de\/wordpress\/?page_id=516"},"modified":"2024-06-20T13:23:45","modified_gmt":"2024-06-20T11:23:45","slug":"ueber-uns","status":"publish","type":"page","link":"https:\/\/www.revolutionaere-front.de\/wordpress\/?page_id=516","title":{"rendered":"\u00dcber unsere Arbeit"},"content":{"rendered":"<p class=\"normal\">Die Internet-Seiten &#8222;Gegen den Notstand der Republik&#8220; informieren \u00fcber den Kampf der Arbeiter und Gewerkschafter gegen den NOTSTAND DER REPUBLIK.<\/p>\n<p>Im Juni 2019 hat der Arbeits- und Koordinationsausschuss der 5ten Arbeiter- und Gewerkschafter-Konferenz beschlossen seine Arbeit neu auszurichten und entsprechend seinen Namen zu \u00e4ndern in: REVOLUTION\u00c4RE FRONT &#8211; Rote Fahnen sieht man besser. <a href=\"http:\/\/notstand-der-republik.de\/wordpress\/wp-content\/uploads\/2019\/06\/Erkl\u00e4rungName.pdf\">Die dazu verfasste und ver\u00f6ffentlichte Erkl\u00e4rung vom Juni 2019.<\/a><\/p>\n<p class=\"normal\">Mit NOTSTAND DER REPUBLIK ist der gef\u00e4hrliche Staatsumbau gemeint, der sich seit der Einverleibung der DDR in diesem Land vollzieht.<\/p>\n<p class=\"bold\">Gemeint sind:<\/p>\n<ul class=\"disc\">\n<li>die Aufhebung der Trennung von Polizei und Geheimdiensten, wie sie in den gemeinsamen Terrorismusabwehrzentren praktiziert wird.<\/li>\n<li>die Umwandlung des Bundesgrenzschutzes in eine Bundespolizei, wie sie von den Alliierten nach dem Zweiten Weltkrieg ausdr\u00fccklich verboten wurde.<\/li>\n<li>die Ausweitung der Befugnisse des BKA hin zu einer verbotenen Geheimpolizei.<\/li>\n<li>ein Heimatschutz, der zivile Organisationen unter das Kommando der Bundeswehr stellt und Reservisten in einem Ma\u00dfe organisiert, wie sie nur gegen uns Arbeiter und Angestellte gerichtet sein kann.<\/li>\n<li>der Einsatz der Bundeswehr gegen die V\u00f6lker der Welt und im Inland gegen das eigene Volk.<\/li>\n<li>die Rekrutierung der Jugend durch die Bundeswehr in den Universit\u00e4ten und Schulen und ihre Pr\u00e4senz in den Arbeits\u00e4mtern und weiteren \u00f6ffentlichen, zivilen R\u00e4umen.<\/li>\n<li>die fortschreitende Militarisierung der Gesellschaft.<\/li>\n<li>die zivil-milit\u00e4rische Aufr\u00fcstung wie z.B. den THW (Technisches Hilfs-Werk) im Einsatz als Streikbrecherorganisation und als Vor- und Nachhut f\u00fcr die Bundeswehr.<\/li>\n<\/ul>\n<p class=\"normal\">Am <a href=\"http:\/\/www.notstand-der-republik.de\/sites\/konferenzen\/erstekonf.html\">15.\/16. M\u00e4rz 2008<\/a> sind im Frankfurter Gewerkschaftshaus zum ersten Mal Arbeiter und Gewerkschafter, Kolleginnen und Kollegen aus verschiedenen Betrieben und St\u00e4dten, Mitglieder und Funktionstr\u00e4ger der IG Metall, von ver.di und anderen DGB-Gewerkschaften zusammen gekommen, um gemeinsam \u00fcber den Kampf gegen den NOTSTAND DER REPUBLIK zu beraten.<\/p>\n<p class=\"normal\">Auf dieser <a href=\"http:\/\/www.notstand-der-republik.de\/sites\/konferenzen\/erstekonf.html\">Konferenz<\/a> wurde der <a href=\"http:\/\/www.notstand-der-republik.de\/sites\/org\/ausschuss.html\">Arbeits- und Koordinationsausschuss<\/a> eingerichtet, der \u00fcber den Staatsumbau ber\u00e4t, Informationen sammelt, aufbereitet und verteilt. Au\u00dferdem soll er gemeinsame Aktivit\u00e4ten und Aktionen koordinieren.<\/p>\n<p class=\"normal\">Der <a href=\"http:\/\/www.notstand-der-republik.de\/sites\/org\/ausschuss.html\">Arbeits- und Koordinationsausschuss<\/a> der Ersten Arbeiter-und Gewerkschafterkonferenz gegen den Notstand der Republik ist Teil der Internationalen Aktionseinheit Klassenkampf statt Weltkrieg.<\/p>\n<p class=\"normal\">Der <a href=\"http:\/\/www.notstand-der-republik.de\/sites\/org\/ausschuss.html\">Arbeits- und Koordinationsausschuss<\/a> hat die Einrichtung dieser Webseite beschlossen, auf der die grundlegenden Informationen im Kampf gegen den NOTSTAND DER REPUBLIK ver\u00f6ffentlicht werden.<\/p>\n","protected":false},"excerpt":{"rendered":"<p>Die Internet-Seiten &#8222;Gegen den Notstand der Republik&#8220; informieren \u00fcber den Kampf der Arbeiter und Gewerkschafter gegen den NOTSTAND DER REPUBLIK. Im Juni 2019 hat der Arbeits- und Koordinationsausschuss der 5ten Arbeiter- und Gewerkschafter-Konferenz beschlossen seine Arbeit neu auszurichten und entsprechend seinen Namen zu \u00e4ndern in: REVOLUTION\u00c4RE FRONT &#8211; Rote Fahnen sieht man besser. Die dazu [&hellip;]<\/p>\n","protected":false},"author":2,"featured_media":0,"parent":0,"menu_order":0,"comment_status":"closed","ping_status":"closed","template":"template-full.php","meta":{"footnotes":""},"class_list":["post-516","page","type-page","status-publish","hentry"],"_links":{"self":[{"href":"https:\/\/www.revolutionaere-front.de\/wordpress\/index.php?rest_route=\/wp\/v2\/pages\/516","targetHints":{"allow":["GET"]}}],"collection":[{"href":"https:\/\/www.revolutionaere-front.de\/wordpress\/index.php?rest_route=\/wp\/v2\/pages"}],"about":[{"href":"https:\/\/www.revolutionaere-front.de\/wordpress\/index.php?rest_route=\/wp\/v2\/types\/page"}],"author":[{"embeddable":true,"href":"https:\/\/www.revolutionaere-front.de\/wordpress\/index.php?rest_route=\/wp\/v2\/users\/2"}],"replies":[{"embeddable":true,"href":"https:\/\/www.revolutionaere-front.de\/wordpress\/index.php?rest_route=%2Fwp%2Fv2%2Fcomments&post=516"}],"version-history":[{"count":9,"href":"https:\/\/www.revolutionaere-front.de\/wordpress\/index.php?rest_route=\/wp\/v2\/pages\/516\/revisions"}],"predecessor-version":[{"id":2764,"href":"https:\/\/www.revolutionaere-front.de\/wordpress\/index.php?rest_route=\/wp\/v2\/pages\/516\/revisions\/2764"}],"wp:attachment":[{"href":"https:\/\/www.revolutionaere-front.de\/wordpress\/index.php?rest_route=%2Fwp%2Fv2%2Fmedia&parent=516"}],"curies":[{"name":"wp","href":"https:\/\/api.w.org\/{rel}","templated":true}]}}

Über unsere Arbeit

<p class="normal">Die Internet-Seiten &#8222;Gegen den Notstand der Republik&#8220; informieren über den Kampf der Arbeiter und Gewerkschafter gegen den NOTSTAND DER REPUBLIK.</p>
<p>Im Juni 2019 hat der Arbeits- und Koordinationsausschuss der 5ten Arbeiter- und Gewerkschafter-Konferenz beschlossen seine Arbeit neu auszurichten und entsprechend seinen Namen zu ändern in: REVOLUTIONÄRE FRONT &#8211; Rote Fahnen sieht man besser. <a href="http://notstand-der-republik.de/wordpress/wp-content/uploads/2019/06/ErklärungName.pdf">Die dazu verfasste und veröffentlichte Erklärung vom Juni 2019.</a></p>
<p class="normal">Mit NOTSTAND DER REPUBLIK ist der gefährliche Staatsumbau gemeint, der sich seit der Einverleibung der DDR in diesem Land vollzieht.</p>
<p class="bold">Gemeint sind:</p>
<ul class="disc">
<li>die Aufhebung der Trennung von Polizei und Geheimdiensten, wie sie in den gemeinsamen Terrorismusabwehrzentren praktiziert wird.</li>
<li>die Umwandlung des Bundesgrenzschutzes in eine Bundespolizei, wie sie von den Alliierten nach dem Zweiten Weltkrieg ausdrücklich verboten wurde.</li>
<li>die Ausweitung der Befugnisse des BKA hin zu einer verbotenen Geheimpolizei.</li>
<li>ein Heimatschutz, der zivile Organisationen unter das Kommando der Bundeswehr stellt und Reservisten in einem Maße organisiert, wie sie nur gegen uns Arbeiter und Angestellte gerichtet sein kann.</li>
<li>der Einsatz der Bundeswehr gegen die Völker der Welt und im Inland gegen das eigene Volk.</li>
<li>die Rekrutierung der Jugend durch die Bundeswehr in den Universitäten und Schulen und ihre Präsenz in den Arbeitsämtern und weiteren öffentlichen, zivilen Räumen.</li>
<li>die fortschreitende Militarisierung der Gesellschaft.</li>
<li>die zivil-militärische Aufrüstung wie z.B. den THW (Technisches Hilfs-Werk) im Einsatz als Streikbrecherorganisation und als Vor- und Nachhut für die Bundeswehr.</li>
</ul>
<p class="normal">Am <a href="http://www.notstand-der-republik.de/sites/konferenzen/erstekonf.html">15./16. März 2008</a> sind im Frankfurter Gewerkschaftshaus zum ersten Mal Arbeiter und Gewerkschafter, Kolleginnen und Kollegen aus verschiedenen Betrieben und Städten, Mitglieder und Funktionsträger der IG Metall, von ver.di und anderen DGB-Gewerkschaften zusammen gekommen, um gemeinsam über den Kampf gegen den NOTSTAND DER REPUBLIK zu beraten.</p>
<p class="normal">Auf dieser <a href="http://www.notstand-der-republik.de/sites/konferenzen/erstekonf.html">Konferenz</a> wurde der <a href="http://www.notstand-der-republik.de/sites/org/ausschuss.html">Arbeits- und Koordinationsausschuss</a> eingerichtet, der über den Staatsumbau berät, Informationen sammelt, aufbereitet und verteilt. Außerdem soll er gemeinsame Aktivitäten und Aktionen koordinieren.</p>
<p class="normal">Der <a href="http://www.notstand-der-republik.de/sites/org/ausschuss.html">Arbeits- und Koordinationsausschuss</a> der Ersten Arbeiter-und Gewerkschafterkonferenz gegen den Notstand der Republik ist Teil der Internationalen Aktionseinheit Klassenkampf statt Weltkrieg.</p>
<p class="normal">Der <a href="http://www.notstand-der-republik.de/sites/org/ausschuss.html">Arbeits- und Koordinationsausschuss</a> hat die Einrichtung dieser Webseite beschlossen, auf der die grundlegenden Informationen im Kampf gegen den NOTSTAND DER REPUBLIK veröffentlicht werden.</p>

<p>Die Internet-Seiten &#8222;Gegen den Notstand der Republik&#8220; informieren über den Kampf der Arbeiter und Gewerkschafter gegen den NOTSTAND DER REPUBLIK. Im Juni 2019 hat der Arbeits- und Koordinationsausschuss der 5ten Arbeiter- und Gewerkschafter-Konferenz beschlossen seine Arbeit neu auszurichten und entsprechend seinen Namen zu ändern in: REVOLUTIONÄRE FRONT &#8211; Rote Fahnen sieht man besser. Die dazu [&hellip;]</p>
